c
In base 16, what is 26 + 7?
2d
In base 11, what is -5462 - 1?
-5463
In base 8, what is -2 - -105?
103
In base 8, what is -4 - 206?
-212
In base 3, what is 100212 + 2?
100221
In base 16, what is 4 + -63?
-5f
In base 11, what is 1 + a?
10
In base 7, what is 5501 - -16?
5520
In base 13, what is -37 + 27?
-10
In base 7, what is 106 + 6?
115
In base 8, what is 1152 - -6?
1160
In base 13, what is -92 + 2?
-90
In base 14, what is -4 - 1a?
-20
In base 4, what is -3 - 1222?
-1231
In base 16, what is -49 + ad?
64
In base 10, what is -8821 - 2?
-8823
In base 12, what is 8 - 9?
-1
In base 6, what is 4 + 310?
314
In base 3, what is -10 - 222?
-1002
In base 8, what is 364 + -2?
362
In base 4, what is 333 - -11?
1010
In base 4, what is 10 + -11122?
-11112
In base 12, what is -15 + 66a?
655
In base 16, what is -1 + -21?
-22
In base 8, what is 0 + 114?
114
In base 15, what is -52 + -30?
-82
In base 3, what is 12 - -22?
111
In base 4, what is 10 - -313133?
313203
In base 8, what is -441 + 0?
-441
In base 12, what is -2 + -107?
-109
In base 6, what is -15 + -15?
-34
In base 15, what is 4 - 38?
-34
In base 13, what is -4 - 168?
-16c
In base 10, what is 27 + 11?
38
In base 2, what is -10 + -1000011?
-1000101
In base 2, what is -101 + 1011101010?
1011100101
In base 2, what is 101101001 + 1011?
101110100
In base 15, what is 2 - 8d?
-8b
In base 5, what is 102043 + 10?
102103
In base 10, what is 466 + -48?
418
In base 6, what is 3 - 150?
-143
In base 10, what is 25 - -385?
410
In base 14, what is 2 + -1c1c?
-1c1a
In base 10, what is 19 + -253?
-234
In base 8, what is 4 - -1041?
1045
In base 10, what is -2106 + 2?
-2104
In base 15, what is 1e + 28?
47
In base 10, what is -350 - 5?
-355
In base 16, what is 2 - -9?
b
In base 4, what is -2121 - 222?
-3003
In base 15, what is -18 - 8?
-21
In base 2, what is 100 - 10001100110?
-10001100010
In base 13, what is -1 + -23?
-24
In base 16, what is 4 + -288?
-284
In base 5, what is -1120 + 0?
-1120
In base 10, what is 6974 + 1?
6975
In base 10, what is -395 + 27?
-368
In base 5, what is 42 + -1131?
-1034
In base 9, what is -111 - -8?
-102
In base 2, what is 1000 - -10001000100?
10001001100
In base 11, what is -70a6 - -2?
-70a4
In base 6, what is -24 + -44?
-112
In base 6, what is 11 + 12?
23
In base 16, what is 3 - 178?
-175
In base 8, what is 5 - -1471?
1476
In base 10, what is 5 + -406?
-401
In base 4, what is 11 - -30011?
30022
In base 4, what is 2 - -20112?
20120
In base 11, what is 81 - 3?
79
In base 14, what is 295 - 5?
290
In base 16, what is -3 - 213?
-216
In base 3, what is -12 + 2221?
2202
In base 5, what is -2140 + 1?
-2134
In base 14, what is -89d + 3?
-89a
In base 11, what is 60a - 2?
608
In base 2, what is -11110 + 11001?
-101
In base 5, what is -1300 + -11?
-1311
In base 9, what is -7355 - 0?
-7355
In base 9, what is -10 + 17?
7
In base 9, what is -2 + -2074?
-2076
In base 4, what is 31103 - 1?
31102
In base 14, what is 125 + -5?
120
In base 14, what is -5a6 - 1?
-5a7
In base 7, what is 5 + 46?
54
In base 12, what is -9 - -47?
3a
In base 3, what is -20022212 - 10?
-20022222
In base 11, what is -70 - 1?
-71
In base 4, what is -1 + -302?
-303
In base 4, what is -10 - 1213?
-1223
In base 14, what is -5 + 1a?
15
In base 10, what is 440 - -28?
468
In base 15, what is -2 - -7de?
7dc
In base 16, what is -10 - 7?
-17
In base 12, what is -29 + -2?
-2b
In base 2, what is 11 - 1110001?
-1101110
In base 14, what is -112 - -3?
-10d
In base 7, what is 1303 - 3?
1300
In base 8, what is 553 - 4?
547
In base 8, what is 62 - -32?
114
In base 15, what is d + 0?
d
In base 9, what is -145 - 3?
-148
In base 4, what is -100 - -213?
113
In base 2, what is 10010 - 0?
10010
In base 10, what is -16025 + -5?
-16030
In base 11, what is 8a + 7?
96
In base 10, what is 65 + 32?
97
In base 13, what is 16 + 62a?
643
In base 16, what is -4 + 7b?
77
In base 4, what is 10 + 2221?
2231
In base 14, what is 2 + 10?
12
In base 6, what is -13 + -1503?
-1520
In base 14, what is 3 - 1602?
-15dd
In base 12, what is -1 + -1b6?
-1b7
In base 11, what is -4a - 2?
-51
In base 6, what is 4152 + 11?
4203
In base 2, what is 1101 - -10001011?
10011000
In base 4, what is 3 + 11332?
12001
In base 8, what is -7012 + -1?
-7013
In base 11, what is 1 - -42?
43
In base 11, what is -235 + -2?
-237
In base 7, what is 23 + -23?
0
In base 5, what is 1 - 104203?
-104202
In base 2, what is 10 + -101010000?
-101001110
In base 7, what is -1256 - -1?
-1255
In base 14, what is -d46 + 8?
-d3c
In base 14, what is a - -12?
1c
In base 4, what is 20121 - 12?
20103
In base 4, what is 0 - 2323?
-2323
In base 10, what is -2 - -374?
372
In base 13, what is -c1 + 3?
-bb
In base 2, what is -1011 + 11000?
1101
In base 12, what is -3 + 893?
890
In base 2, what is 1 + 10001110?
10001111
In base 16, what is 14 - 3c?
-28
In base 3, what is 112 + 1011020?
1011202
In base 15, what is 3 - 497?
-494
In base 11, what is 8 - 347?
-33a
In base 8, what is -14 - 5?
-21
In base 4, what is 31 - 3?
22
In base 6, what is -3 - 2353?
-2400
In base 15, what is -343 + -4?
-347
In base 16, what is 0 + -631?
-631
In base 8, what is 16 + 5?
23
In base 11, what is 186a5 + 0?
186a5
In base 4, what is 102 - -121?
223
In base 8, what is -4 - -171?
165
In base 12, what is 2 + -2b2?
-2b0
In base 7, what is -52 + 10?
-42
In base 16, what is -155 + 4?
-151
In base 11, what is 385 - 0?
385
In base 7, what is 30 + -63?
-33
In base 3, what is 1 + 201021?
201022
In base 13, what is 4 - 20b5?
-20b1
In base 6, what is -31 + -2102?
-2133
In base 4, what is 0 + -11122?
-11122
In base 13, what is 123 - 4?
11c
In base 14, what is -1 + -37?
-38
In base 11, what is 2 - 55?
-53
In base 14, what is ad1 + 2?
ad3
In base 9, what is 22 - -265?
287
In base 13, what is 13b4 + 1?
13b5
In base 12, what is 11b5 - 7?
11aa
In base 12, what is 117 - 25?
b2
In base 14, what is -4c + -8?
-56
In base 14, what is -d7 + 0?
-d7
In base 7, what is 25420 + -3?
25414
In base 16, what is -57 + 1?
-56
In base 6, what is 13252 - 12?
13240
In base 12, what is 1937 + 0?
1937
In base 5, what is 10 - 104?
-44
In base 16, what is -4 + -79?
-7d
In base 15, what is 1 - 8be?
-8bd
In base 15, what is -9 - 18?
-22
In base 5, what is -4432 - 1?
-4433
In base 2, what is 100111000 + -11?
100110101
In base 16, what is -11 + -c?
-1d
In base 2, what is 111001 + -100?
110101
In base 9, what is 164 - -4?
168
In base 6, what is 2 + -233?
-231
In base 2, what is 11010000111 - -100?
11010001011
In base 15, what is -5 - -81?
7b
In base 11, what is 11 + -12?
-1
In base 5, what is -34 - 120?
-204
In base 5, what is 12201 + -14?
12132
In base 8, what is -526 - 2?
-530
In base 12, what is -8a + 40?
-4a
In base 16, what is -33c + d?
-32f
In base 14, what is 1a3d - 2?
1a3b
In base 16, what is 4 + -2d?
-29
In base 10, what is -847 - 2?
-849
In base 8, what is -5 + 22?
15
In base 3, what is 10 - -22222?
100002
In base 14, what is -5 - 22?
-27
In base 10, what is -992 + 3?
-989
In base 12, what is 4 + -43?
-3b
In base 8, what is -3 - 235?
-240
In base 10, what is 4713 - -1?
4714
In base 8, what is 12 + 4?
16
In base 7, what is 10 - 513?
-503
In base 14, what is 1 - -10d?
110
In base 11, what is 1 - 905?
-904
In base 15, what is 3814 + 5?
3819
In base 6, what is 3 + -130?
-123
In base 14, what is 5 - 35?
-30
In base 14, what is -3 + d58?
d55
In base 16, what is -4 - -32?
2e
In base 4, what is -1102 + 121?
-321
In base 9, what is 1745 - 5?
1740
In base 11, what is 1 - -29a?
2a0
In base 13, what is b - -117?
125
In base 9, what is 25 - -54?
80
In base 15, what is -3 + 288?
285
In base 6, what is 3 - -311?
314
In base 13, what is -1722 + 3?
-171c
In base 5, what is 20 - 33?
-13
In base 4, what is -3123 - 0?
-3123
In base 14, what is -21 + 80?
5d
In base 4, what is 2 - -10001?
10003
In base 6, what is 51 + 20?
111
In base 13, what is -5 + 48?
43
In base 9, what is -125 + 22?
-103
In base 2, what is 10001000101 - 1?
10001000100
In base 16, what is 1 - -84?
85
In base 9, what is 282 - 2?
280
In base 11, what is -5 - -432?
428
In base 2, what is -111100011100 - 101?
-111100100001
In base 10, what is -24 + -9?
-33
In base 16, what is -60d + -8?
-615
In base 10, what is 8 + -4?
4
In base 6, what is -205 + -125?
-334
In base 5, what is -332 + -42?
-424
In base 13, what is -5 - -71?
69
In base 16, w